{"id":1301,"date":"2021-11-24T18:53:51","date_gmt":"2021-11-24T21:53:51","guid":{"rendered":"https:\/\/ifdcferraro-lrj.infd.edu.ar\/sitio\/?page_id=1301"},"modified":"2025-11-19T18:35:57","modified_gmt":"2025-11-19T21:35:57","slug":"primer-ano-esquemas-de-coloquios","status":"publish","type":"page","link":"https:\/\/ifdcferraro-lrj.infd.edu.ar\/sitio\/primer-ano-esquemas-de-coloquios\/","title":{"rendered":"Primer A\u00f1o &#8211; Esquemas de Coloquios"},"content":{"rendered":"\n<h2 class=\"wp-block-heading has-luminous-vivid-amber-to-luminous-vivid-orange-gradient-background has-background has-medium-font-size\">A\u00f1o 2021<\/h2>\n\n\n\n<div class=\"wp-block-file\"><a id=\"wp-block-file--media-b9f38c70-54a2-4262-af34-656c9607f3dd\" href=\"https:\/\/ifdcferraro-lrj.infd.edu.ar\/sitio\/wp-content\/uploads\/2021\/11\/esq.-de-coloquio-cs-ns-2021-1.pdf\">esq.-de-coloquio-cs-ns-2021-1<\/a><a href=\"https:\/\/ifdcferraro-lrj.infd.edu.ar\/sitio\/wp-content\/uploads\/2021\/11\/esq.-de-coloquio-cs-ns-2021-1.pdf\" class=\"wp-block-file__button wp-element-button\" download aria-describedby=\"wp-block-file--media-b9f38c70-54a2-4262-af34-656c9607f3dd\">Descarga<\/a><\/div>\n\n\n\n<div class=\"wp-block-file\"><a id=\"wp-block-file--media-d0fbdb2a-a1a0-4a24-a9ba-a66d6e356493\" href=\"https:\/\/ifdcferraro-lrj.infd.edu.ar\/sitio\/wp-content\/uploads\/2021\/11\/Esquema-Coloquio-de-Geografia.pdf\">2021 GEOGRAFIA Esquema-Coloquio<\/a><a href=\"https:\/\/ifdcferraro-lrj.infd.edu.ar\/sitio\/wp-content\/uploads\/2021\/11\/Esquema-Coloquio-de-Geografia.pdf\" class=\"wp-block-file__button wp-element-button\" download aria-describedby=\"wp-block-file--media-d0fbdb2a-a1a0-4a24-a9ba-a66d6e356493\">Descarga<\/a><\/div>\n\n\n\n<div class=\"wp-block-file\"><a id=\"wp-block-file--media-bf8744be-4865-4b3b-833e-b2ca870fb50f\" href=\"https:\/\/ifdcferraro-lrj.infd.edu.ar\/sitio\/wp-content\/uploads\/2021\/11\/ESQUEMA-COLOQUIO-DE-PEDAGOGIA-2021.pdf\">ESQUEMA-COLOQUIO-DE-PEDAGOGIA-2021<\/a><a href=\"https:\/\/ifdcferraro-lrj.infd.edu.ar\/sitio\/wp-content\/uploads\/2021\/11\/ESQUEMA-COLOQUIO-DE-PEDAGOGIA-2021.pdf\" class=\"wp-block-file__button wp-element-button\" download aria-describedby=\"wp-block-file--media-bf8744be-4865-4b3b-833e-b2ca870fb50f\">Descarga<\/a><\/div>\n\n\n\n<h2 class=\"wp-block-heading has-luminous-vivid-amber-to-luminous-vivid-orange-gradient-background has-background has-medium-font-size\">A\u00f1o 2022<\/h2>\n\n\n\n<div class=\"wp-block-file\"><a id=\"wp-block-file--media-c0972212-76c6-486c-af92-07f94bc50f06\" href=\"https:\/\/ifdcferraro-lrj.infd.edu.ar\/sitio\/wp-content\/uploads\/2022\/11\/ESQUEMAS-COLOQUIO-1\u00b0-ANO.pdf\">2022 MATEMATICA Esquema de Coloquio<\/a><a href=\"https:\/\/ifdcferraro-lrj.infd.edu.ar\/sitio\/wp-content\/uploads\/2022\/11\/ESQUEMAS-COLOQUIO-1\u00b0-ANO.pdf\" class=\"wp-block-file__button wp-element-button\" download aria-describedby=\"wp-block-file--media-c0972212-76c6-486c-af92-07f94bc50f06\">Descarga<\/a><\/div>\n\n\n\n<div class=\"wp-block-file\"><a id=\"wp-block-file--media-bc7d71f4-a31a-4e80-b0ae-7c9f3c130f90\" href=\"https:\/\/ifdcferraro-lrj.infd.edu.ar\/sitio\/wp-content\/uploads\/2022\/11\/Esquema-Coloquio-de-Geografia2022-1.pdf\">2022 Geografia <\/a><a href=\"https:\/\/ifdcferraro-lrj.infd.edu.ar\/sitio\/wp-content\/uploads\/2022\/11\/Esquema-Coloquio-de-Geografia2022-1.pdf\" class=\"wp-block-file__button wp-element-button\" download aria-describedby=\"wp-block-file--media-bc7d71f4-a31a-4e80-b0ae-7c9f3c130f90\">Descarga<\/a><\/div>\n\n\n\n<h2 class=\"wp-block-heading has-luminous-vivid-amber-to-luminous-vivid-orange-gradient-background has-background has-medium-font-size\">A\u00f1o 2023<\/h2>\n\n\n\n<div class=\"wp-block-file\"><a id=\"wp-block-file--media-bd2db237-8c71-4426-bd86-5eb0393fd2aa\" href=\"https:\/\/ifdcferraro-lrj.infd.edu.ar\/sitio\/wp-content\/uploads\/2023\/11\/2023-TALLER-DE-LECTURA-Y-ESCRITURA-ACADEMICA-ESQUEMA-COLOQUIO-1.pdf\">2023-TALLER-DE-LECTURA-Y-ESCRITURA-ACADEMICA-ESQUEMA-COLOQUIO-1<\/a><a href=\"https:\/\/ifdcferraro-lrj.infd.edu.ar\/sitio\/wp-content\/uploads\/2023\/11\/2023-TALLER-DE-LECTURA-Y-ESCRITURA-ACADEMICA-ESQUEMA-COLOQUIO-1.pdf\" class=\"wp-block-file__button wp-element-button\" download aria-describedby=\"wp-block-file--media-bd2db237-8c71-4426-bd86-5eb0393fd2aa\">Descarga<\/a><\/div>\n\n\n\n<div class=\"wp-block-file\"><a id=\"wp-block-file--media-7ec4b723-5c82-4d8f-898e-90d78e32492b\" href=\"https:\/\/ifdcferraro-lrj.infd.edu.ar\/sitio\/wp-content\/uploads\/2023\/11\/COLOQUIO-Pedagogia-2\u00b0-Cuatri-2023-1-1.pdf\">2023 PEDAGOGIA Esquema Coloquio<\/a><a href=\"https:\/\/ifdcferraro-lrj.infd.edu.ar\/sitio\/wp-content\/uploads\/2023\/11\/COLOQUIO-Pedagogia-2\u00b0-Cuatri-2023-1-1.pdf\" class=\"wp-block-file__button wp-element-button\" download aria-describedby=\"wp-block-file--media-7ec4b723-5c82-4d8f-898e-90d78e32492b\">Descarga<\/a><\/div>\n\n\n\n<div class=\"wp-block-file\"><a id=\"wp-block-file--media-f8a4bd99-70cb-4543-a2f2-d988e880edfb\" href=\"https:\/\/ifdcferraro-lrj.infd.edu.ar\/sitio\/wp-content\/uploads\/2023\/11\/Esquema-Coloquio-de-Geografia2023.pdf\">2023 GEOGRAFIA Esquema Coloquio<\/a><a href=\"https:\/\/ifdcferraro-lrj.infd.edu.ar\/sitio\/wp-content\/uploads\/2023\/11\/Esquema-Coloquio-de-Geografia2023.pdf\" class=\"wp-block-file__button wp-element-button\" download aria-describedby=\"wp-block-file--media-f8a4bd99-70cb-4543-a2f2-d988e880edfb\">Descarga<\/a><\/div>\n\n\n\n<div class=\"wp-block-file\"><a id=\"wp-block-file--media-a1d581f6-2d8c-4605-8c6f-126c8c199132\" href=\"https:\/\/ifdcferraro-lrj.infd.edu.ar\/sitio\/wp-content\/uploads\/2023\/11\/Esquema-de-Cierre.-Practica-I.2023.pdf\">2023 PRACTICA I <\/a><a href=\"https:\/\/ifdcferraro-lrj.infd.edu.ar\/sitio\/wp-content\/uploads\/2023\/11\/Esquema-de-Cierre.-Practica-I.2023.pdf\" class=\"wp-block-file__button wp-element-button\" download aria-describedby=\"wp-block-file--media-a1d581f6-2d8c-4605-8c6f-126c8c199132\">Descarga<\/a><\/div>\n\n\n\n<div class=\"wp-block-file\"><a id=\"wp-block-file--media-002178e9-8786-497e-b8ae-bec138aeb313\" href=\"https:\/\/ifdcferraro-lrj.infd.edu.ar\/sitio\/wp-content\/uploads\/2023\/11\/2023-ESQUEMA-DE-COLOQUIO-MATEMATICA-1o-ANO.pdf\">2023 MATEM\u00c1TICA ESQUEMA DE COLOQUIO<\/a><a href=\"https:\/\/ifdcferraro-lrj.infd.edu.ar\/sitio\/wp-content\/uploads\/2023\/11\/2023-ESQUEMA-DE-COLOQUIO-MATEMATICA-1o-ANO.pdf\" class=\"wp-block-file__button wp-element-button\" download aria-describedby=\"wp-block-file--media-002178e9-8786-497e-b8ae-bec138aeb313\">Descarga<\/a><\/div>\n\n\n\n<div class=\"wp-block-file\"><a id=\"wp-block-file--media-95b93721-090b-472d-ab53-f8e63fafc056\" href=\"https:\/\/ifdcferraro-lrj.infd.edu.ar\/sitio\/wp-content\/uploads\/2023\/11\/2023-TALLER-DE-LECTURA-Y-ESCRITURA-ACADEMICA-ESQUEMA-COLOQUIO.pdf\">2023-TALLER-DE-LECTURA-Y-ESCRITURA-ACADEMICA-ESQUEMA-COLOQUIO<\/a><\/div>\n\n\n\n<p><\/p>\n\n\n\n<h2 class=\"wp-block-heading has-luminous-vivid-amber-to-luminous-vivid-orange-gradient-background has-background has-medium-font-size\">A\u00f1o 2024<\/h2>\n\n\n\n<div class=\"wp-block-file\"><a id=\"wp-block-file--media-08127887-4263-450b-a7cc-6bac9bec614c\" href=\"https:\/\/ifdcferraro-lrj.infd.edu.ar\/sitio\/wp-content\/uploads\/2024\/11\/COLOQUIO-Pedagogia-2024.pdf\">2024 PEDAGOG\u00cdA <\/a><a href=\"https:\/\/ifdcferraro-lrj.infd.edu.ar\/sitio\/wp-content\/uploads\/2024\/11\/COLOQUIO-Pedagogia-2024.pdf\" class=\"wp-block-file__button wp-element-button\" download aria-describedby=\"wp-block-file--media-08127887-4263-450b-a7cc-6bac9bec614c\">Descarga<\/a><\/div>\n\n\n\n<div class=\"wp-block-file\"><a id=\"wp-block-file--media-610e7c28-52c1-4562-a99b-e4c79e45a235\" href=\"https:\/\/ifdcferraro-lrj.infd.edu.ar\/sitio\/wp-content\/uploads\/2024\/07\/2024-FILOSOFIA-ESQUEMA-COLOQUIO.pdf\">2024-FILOSOFIA <\/a><a href=\"https:\/\/ifdcferraro-lrj.infd.edu.ar\/sitio\/wp-content\/uploads\/2024\/07\/2024-FILOSOFIA-ESQUEMA-COLOQUIO.pdf\" class=\"wp-block-file__button wp-element-button\" download aria-describedby=\"wp-block-file--media-610e7c28-52c1-4562-a99b-e4c79e45a235\">Descarga<\/a><\/div>\n\n\n\n<div class=\"wp-block-file\"><a id=\"wp-block-file--media-5c4ff92e-07e3-42e5-b054-6e13eb238e59\" href=\"https:\/\/ifdcferraro-lrj.infd.edu.ar\/sitio\/wp-content\/uploads\/2024\/07\/2024-HISTORIA-Esquema-de-Coloquio.pdf\">2024-HISTORIA <\/a><a href=\"https:\/\/ifdcferraro-lrj.infd.edu.ar\/sitio\/wp-content\/uploads\/2024\/07\/2024-HISTORIA-Esquema-de-Coloquio.pdf\" class=\"wp-block-file__button wp-element-button\" download aria-describedby=\"wp-block-file--media-5c4ff92e-07e3-42e5-b054-6e13eb238e59\">Descarga<\/a><\/div>\n\n\n\n<div class=\"wp-block-file\"><a id=\"wp-block-file--media-bbaa7375-ab44-4612-bd9f-3af51680353b\" href=\"https:\/\/ifdcferraro-lrj.infd.edu.ar\/sitio\/wp-content\/uploads\/2024\/11\/Esquema-de-coloquio-de-geografia.pdf\">2024 GEOGRAF\u00cdA <\/a><a href=\"https:\/\/ifdcferraro-lrj.infd.edu.ar\/sitio\/wp-content\/uploads\/2024\/11\/Esquema-de-coloquio-de-geografia.pdf\" class=\"wp-block-file__button wp-element-button\" download aria-describedby=\"wp-block-file--media-bbaa7375-ab44-4612-bd9f-3af51680353b\">Descarga<\/a><\/div>\n\n\n\n<div class=\"wp-block-file\"><a id=\"wp-block-file--media-cab901f8-1a00-49c4-be2b-9daa67b62f49\" href=\"https:\/\/ifdcferraro-lrj.infd.edu.ar\/sitio\/wp-content\/uploads\/2024\/11\/coloquio-CS-NS-2024.pdf\">2024 CIENCIAS NATURALES <\/a><a href=\"https:\/\/ifdcferraro-lrj.infd.edu.ar\/sitio\/wp-content\/uploads\/2024\/11\/coloquio-CS-NS-2024.pdf\" class=\"wp-block-file__button wp-element-button\" download aria-describedby=\"wp-block-file--media-cab901f8-1a00-49c4-be2b-9daa67b62f49\">Descarga<\/a><\/div>\n\n\n\n<h2 class=\"wp-block-heading has-luminous-vivid-amber-to-luminous-vivid-orange-gradient-background has-background has-medium-font-size\">A\u00f1o 2025<\/h2>\n\n\n\n<div class=\"wp-block-file\"><a id=\"wp-block-file--media-ff9a9e60-97bf-4348-a0d0-57470d8d2917\" href=\"https:\/\/ifdcferraro-lrj.infd.edu.ar\/sitio\/wp-content\/uploads\/2025\/07\/2025-Filosofia-Esquema-de-Coloquio-.pdf\">2025-Filosofia-Esquema-de-Coloquio-<\/a><a href=\"https:\/\/ifdcferraro-lrj.infd.edu.ar\/sitio\/wp-content\/uploads\/2025\/07\/2025-Filosofia-Esquema-de-Coloquio-.pdf\" class=\"wp-block-file__button wp-element-button\" download aria-describedby=\"wp-block-file--media-ff9a9e60-97bf-4348-a0d0-57470d8d2917\">Descarga<\/a><\/div>\n\n\n\n<div class=\"wp-block-file\"><a id=\"wp-block-file--media-c5482c3b-ee8e-4074-b0dc-57761df13b46\" href=\"https:\/\/ifdcferraro-lrj.infd.edu.ar\/sitio\/wp-content\/uploads\/2025\/07\/2025-historia-esquema-de-coloquio.pdf\">2025-historia-esquema-de-coloquio<\/a><a href=\"https:\/\/ifdcferraro-lrj.infd.edu.ar\/sitio\/wp-content\/uploads\/2025\/07\/2025-historia-esquema-de-coloquio.pdf\" class=\"wp-block-file__button wp-element-button\" download aria-describedby=\"wp-block-file--media-c5482c3b-ee8e-4074-b0dc-57761df13b46\">Descarga<\/a><\/div>\n\n\n\n<div class=\"wp-block-file\"><a id=\"wp-block-file--media-c1a43cf1-87a7-48e2-88ee-17bc0e8b1b6b\" href=\"https:\/\/ifdcferraro-lrj.infd.edu.ar\/sitio\/wp-content\/uploads\/2025\/11\/Esquema-Coloquio-Matema\u0301tica-2025.pdf\">Esquema-Coloquio-Matema\u0301tica-2025<\/a><a href=\"https:\/\/ifdcferraro-lrj.infd.edu.ar\/sitio\/wp-content\/uploads\/2025\/11\/Esquema-Coloquio-Matema\u0301tica-2025.pdf\" class=\"wp-block-file__button wp-element-button\" download aria-describedby=\"wp-block-file--media-c1a43cf1-87a7-48e2-88ee-17bc0e8b1b6b\">Descarga<\/a><\/div>\n\n\n\n<div class=\"wp-block-file\"><a id=\"wp-block-file--media-0321fee6-ba54-418b-8657-ed06172dfc0e\" href=\"https:\/\/ifdcferraro-lrj.infd.edu.ar\/sitio\/wp-content\/uploads\/2025\/11\/2025-Geografia-Coloquio.pdf\">2025-Geografia-Coloquio<\/a><a href=\"https:\/\/ifdcferraro-lrj.infd.edu.ar\/sitio\/wp-content\/uploads\/2025\/11\/2025-Geografia-Coloquio.pdf\" class=\"wp-block-file__button wp-element-button\" download aria-describedby=\"wp-block-file--media-0321fee6-ba54-418b-8657-ed06172dfc0e\">Descarga<\/a><\/div>\n\n\n\n<div class=\"wp-block-file\"><a id=\"wp-block-file--media-5a46d64d-0dc5-4791-90a0-695d3d9afed3\" href=\"https:\/\/ifdcferraro-lrj.infd.edu.ar\/sitio\/wp-content\/uploads\/2025\/11\/ESQUEMA-DE-COLOQUIO-Pedagogia-2025.pdf\">ESQUEMA-DE-COLOQUIO-Pedagogia-2025<\/a><a href=\"https:\/\/ifdcferraro-lrj.infd.edu.ar\/sitio\/wp-content\/uploads\/2025\/11\/ESQUEMA-DE-COLOQUIO-Pedagogia-2025.pdf\" class=\"wp-block-file__button wp-element-button\" download aria-describedby=\"wp-block-file--media-5a46d64d-0dc5-4791-90a0-695d3d9afed3\">Descarga<\/a><\/div>\n\n\n\n<div class=\"wp-block-file\"><a id=\"wp-block-file--media-a70ca0ba-83e8-49b4-a68a-df9052b8e72e\" href=\"https:\/\/ifdcferraro-lrj.infd.edu.ar\/sitio\/wp-content\/uploads\/2025\/11\/Ciencias-Naturales.pdf\">Ciencias-Naturales<\/a><a href=\"https:\/\/ifdcferraro-lrj.infd.edu.ar\/sitio\/wp-content\/uploads\/2025\/11\/Ciencias-Naturales.pdf\" class=\"wp-block-file__button wp-element-button\" download aria-describedby=\"wp-block-file--media-a70ca0ba-83e8-49b4-a68a-df9052b8e72e\">Descarga<\/a><\/div>\n\n\n\n<div class=\"wp-block-file\"><a id=\"wp-block-file--media-f0b14129-1dde-4820-bde7-6b93cadfd258\" href=\"https:\/\/ifdcferraro-lrj.infd.edu.ar\/sitio\/wp-content\/uploads\/2025\/11\/Ciencias-Naturales-coloquio.pdf\">Ciencias-Naturales-coloquio<\/a><a href=\"https:\/\/ifdcferraro-lrj.infd.edu.ar\/sitio\/wp-content\/uploads\/2025\/11\/Ciencias-Naturales-coloquio.pdf\" class=\"wp-block-file__button wp-element-button\" download aria-describedby=\"wp-block-file--media-f0b14129-1dde-4820-bde7-6b93cadfd258\">Descarga<\/a><\/div>\n","protected":false},"excerpt":{"rendered":"<p>A\u00f1o 2021 A\u00f1o 2022 A\u00f1o 2023 A\u00f1o 2024 A\u00f1o 2025<\/p>\n","protected":false},"author":82,"featured_media":0,"parent":0,"menu_order":0,"comment_status":"closed","ping_status":"closed","template":"","meta":[],"acf":[],"_links":{"self":[{"href":"https:\/\/ifdcferraro-lrj.infd.edu.ar\/sitio\/wp-json\/wp\/v2\/pages\/1301"}],"collection":[{"href":"https:\/\/ifdcferraro-lrj.infd.edu.ar\/sitio\/wp-json\/wp\/v2\/pages"}],"about":[{"href":"https:\/\/ifdcferraro-lrj.infd.edu.ar\/sitio\/wp-json\/wp\/v2\/types\/page"}],"author":[{"embeddable":true,"href":"https:\/\/ifdcferraro-lrj.infd.edu.ar\/sitio\/wp-json\/wp\/v2\/users\/82"}],"replies":[{"embeddable":true,"href":"https:\/\/ifdcferraro-lrj.infd.edu.ar\/sitio\/wp-json\/wp\/v2\/comments?post=1301"}],"version-history":[{"count":40,"href":"https:\/\/ifdcferraro-lrj.infd.edu.ar\/sitio\/wp-json\/wp\/v2\/pages\/1301\/revisions"}],"predecessor-version":[{"id":3586,"href":"https:\/\/ifdcferraro-lrj.infd.edu.ar\/sitio\/wp-json\/wp\/v2\/pages\/1301\/revisions\/3586"}],"wp:attachment":[{"href":"https:\/\/ifdcferraro-lrj.infd.edu.ar\/sitio\/wp-json\/wp\/v2\/media?parent=1301"}],"curies":[{"name":"wp","href":"https:\/\/api.w.org\/{rel}","templated":true}]}}