{"id":286,"date":"2016-10-31T13:17:59","date_gmt":"2016-10-31T16:17:59","guid":{"rendered":"https:\/\/ifdcferraro-lrj.infd.edu.ar\/sitio\/?page_id=286"},"modified":"2025-12-01T21:05:10","modified_gmt":"2025-12-02T00:05:10","slug":"inicio","status":"publish","type":"page","link":"https:\/\/ifdcferraro-lrj.infd.edu.ar\/sitio\/","title":{"rendered":"Inicio"},"content":{"rendered":"<p>\u00a0<\/p>\n<div id=\"metaslider-id-2719\" style=\"max-width: 800px; margin: 0 auto;\" class=\"ml-slider-3-33-0 metaslider metaslider-responsive metaslider-2719 ml-slider ms-theme-outline has-dots-nav\" role=\"region\" aria-roledescription=\"Slideshow\" aria-label=\"Slideshow\">\n    <div id=\"metaslider_container_2719\">\n        <ul id='metaslider_2719' class='rslides'>\n            <li aria-roledescription='slide' aria-labelledby='slide-0'><img src=\"https:\/\/ifdcferraro-lrj.infd.edu.ar\/sitio\/wp-content\/uploads\/2026\/04\/IMG_20260417_202629495_MFNR-1-scaled-800x400.jpg\" height=\"400\" width=\"800\" alt=\"\" class=\"slider-2719 slide-2727\" title=\"IMG_20260417_202629495_MFNR-1\" \/><div class=\"caption-wrap\"><div class=\"caption\">ACTO DE COLACI\u00d3N DE GRADO DE LA PROMOCI\u00d3N 2025 DE PROFESORES DE EDUCACI\u00d3N PRIMARIA.<\/div><\/div><\/li>\n            <li style='display: none;' aria-roledescription='slide' aria-labelledby='slide-1'><img src=\"https:\/\/ifdcferraro-lrj.infd.edu.ar\/sitio\/wp-content\/uploads\/2026\/04\/IMG_20260417_200223345_MFNR-1-scaled-800x400.jpg\" height=\"400\" width=\"800\" alt=\"\" class=\"slider-2719 slide-2730\" title=\"IMG_20260417_200223345_MFNR-1\" \/><div class=\"caption-wrap\"><div class=\"caption\">ACTO DE COLACI\u00d3N DE GRADO DE LA PROMOCI\u00d3N 2025 DE PROFESORES DE EDUCACI\u00d3N PRIMARIA.<\/div><\/div><\/li>\n            <li style='display: none;' aria-roledescription='slide' aria-labelledby='slide-2'><img src=\"https:\/\/ifdcferraro-lrj.infd.edu.ar\/sitio\/wp-content\/uploads\/2026\/04\/IMG_20260417_200455450_MFNR-scaled-800x400.jpg\" height=\"400\" width=\"800\" alt=\"\" class=\"slider-2719 slide-2732\" title=\"IMG_20260417_200455450_MFNR\" \/><div class=\"caption-wrap\"><div class=\"caption\">ACTO DE COLACI\u00d3N DE GRADO DE LA PROMOCI\u00d3N 2025 DE PROFESORES DE EDUCACI\u00d3N PRIMARIA.<\/div><\/div><\/li>\n            <li style='display: none;' aria-roledescription='slide' aria-labelledby='slide-3'><img src=\"https:\/\/ifdcferraro-lrj.infd.edu.ar\/sitio\/wp-content\/uploads\/2026\/04\/IMG_20260417_210233506_MFNR-1-scaled-800x400.jpg\" height=\"400\" width=\"800\" alt=\"\" class=\"slider-2719 slide-2729\" title=\"IMG_20260417_210233506_MFNR-1\" \/><div class=\"caption-wrap\"><div class=\"caption\">ACTO DE COLACI\u00d3N DE GRADO DE LA PROMOCI\u00d3N 2025 DE PROFESORES DE EDUCACI\u00d3N PRIMARIA.<\/div><\/div><\/li>\n            <li style='display: none;' aria-roledescription='slide' aria-labelledby='slide-4'><img src=\"https:\/\/ifdcferraro-lrj.infd.edu.ar\/sitio\/wp-content\/uploads\/2026\/04\/WhatsApp-Image-2026-04-20-at-9.44.21-PM-1-800x400.jpeg\" height=\"400\" width=\"800\" alt=\"\" class=\"slider-2719 slide-2728\" title=\"WhatsApp-Image-2026-04-20-at-9.44.21-PM-1\" \/><div class=\"caption-wrap\"><div class=\"caption\">ACTO DE COLACI\u00d3N DE GRADO DE LA PROMOCI\u00d3N 2025 DE PROFESORES DE EDUCACI\u00d3N PRIMARIA.<\/div><\/div><\/li>\n            <li style='display: none;' aria-roledescription='slide' aria-labelledby='slide-5'><img src=\"https:\/\/ifdcferraro-lrj.infd.edu.ar\/sitio\/wp-content\/uploads\/2025\/08\/1-800x400.jpg\" height=\"400\" width=\"800\" alt=\"\" class=\"slider-2719 slide-3384\" title=\"1\" \/><div class=\"caption-wrap\"><div class=\"caption\">ANIVERSARIO 39\u00b0<\/div><\/div><\/li>\n            <li style='display: none;' aria-roledescription='slide' aria-labelledby='slide-6'><img src=\"https:\/\/ifdcferraro-lrj.infd.edu.ar\/sitio\/wp-content\/uploads\/2025\/08\/7-800x400.jpg\" height=\"400\" width=\"800\" alt=\"\" class=\"slider-2719 slide-3387\" title=\"7\" \/><div class=\"caption-wrap\"><div class=\"caption\">ANIVERSARIO 39\u00b0<\/div><\/div><\/li>\n            <li style='display: none;' aria-roledescription='slide' aria-labelledby='slide-7'><img src=\"https:\/\/ifdcferraro-lrj.infd.edu.ar\/sitio\/wp-content\/uploads\/2025\/08\/1-1-800x400.jpg\" height=\"400\" width=\"800\" alt=\"\" class=\"slider-2719 slide-3391\" title=\"1\" \/><div class=\"caption-wrap\"><div class=\"caption\">ANIVERSARIO 39\u00b0<\/div><\/div><\/li>\n            <li style='display: none;' aria-roledescription='slide' aria-labelledby='slide-8'><img src=\"https:\/\/ifdcferraro-lrj.infd.edu.ar\/sitio\/wp-content\/uploads\/2025\/08\/2-800x400.jpg\" height=\"400\" width=\"800\" alt=\"\" class=\"slider-2719 slide-3392\" title=\"2\" \/><div class=\"caption-wrap\"><div class=\"caption\">ANIVERSARIO 39\u00b0<\/div><\/div><\/li>\n            <li style='display: none;' aria-roledescription='slide' aria-labelledby='slide-9'><img src=\"https:\/\/ifdcferraro-lrj.infd.edu.ar\/sitio\/wp-content\/uploads\/2025\/11\/IMG_20251007_183830846_SR-scaled-800x400.jpg\" height=\"400\" width=\"800\" alt=\"\" class=\"slider-2719 slide-3641\" title=\"hdsr\" \/><div class=\"caption-wrap\"><div class=\"caption\"> III JORNADA DE EDUCACI\u00d3N Y FILOSOF\u00cdA 2025<\/div><\/div><\/li>\n            <li style='display: none;' aria-roledescription='slide' aria-labelledby='slide-10'><img src=\"https:\/\/ifdcferraro-lrj.infd.edu.ar\/sitio\/wp-content\/uploads\/2025\/11\/IMG_20251007_183735658_MFNR-scaled-800x400.jpg\" height=\"400\" width=\"800\" alt=\"\" class=\"slider-2719 slide-3642\" title=\"IMG_20251007_183735658_MFNR\" \/><div class=\"caption-wrap\"><div class=\"caption\"> III JORNADA DE EDUCACI\u00d3N Y FILOSOF\u00cdA 2025<\/div><\/div><\/li>\n            <li style='display: none;' aria-roledescription='slide' aria-labelledby='slide-11'><img src=\"https:\/\/ifdcferraro-lrj.infd.edu.ar\/sitio\/wp-content\/uploads\/2025\/11\/IMG_20251007_190843930_SR-scaled-800x400.jpg\" height=\"400\" width=\"800\" alt=\"\" class=\"slider-2719 slide-3643\" title=\"hdsr\" \/><div class=\"caption-wrap\"><div class=\"caption\"> III JORNADA DE EDUCACI\u00d3N Y FILOSOF\u00cdA 2025<\/div><\/div><\/li>\n            <li style='display: none;' aria-roledescription='slide' aria-labelledby='slide-12'><img src=\"https:\/\/ifdcferraro-lrj.infd.edu.ar\/sitio\/wp-content\/uploads\/2025\/12\/IMG_20251128_180553260_MFNR-scaled-800x400.jpg\" height=\"400\" width=\"800\" alt=\"\" class=\"slider-2719 slide-3658\" title=\"IMG_20251128_180553260_MFNR\" \/><div class=\"caption-wrap\"><div class=\"caption\">II Jornada Interinstitucional de Reflexi\u00f3n y Socializaci\u00f3n de la Pr\u00e1ctica<\/div><\/div><\/li>\n            <li style='display: none;' aria-roledescription='slide' aria-labelledby='slide-13'><img src=\"https:\/\/ifdcferraro-lrj.infd.edu.ar\/sitio\/wp-content\/uploads\/2025\/12\/IMG_20251128_185755601_MFNR-scaled-800x400.jpg\" height=\"400\" width=\"800\" alt=\"\" class=\"slider-2719 slide-3659\" title=\"IMG_20251128_185755601_MFNR\" \/><div class=\"caption-wrap\"><div class=\"caption\">II Jornada Interinstitucional de Reflexi\u00f3n y Socializaci\u00f3n de la Pr\u00e1ctica<\/div><\/div><\/li>\n            <li style='display: none;' aria-roledescription='slide' aria-labelledby='slide-14'><img src=\"https:\/\/ifdcferraro-lrj.infd.edu.ar\/sitio\/wp-content\/uploads\/2025\/12\/IMG_20251128_182810412_MFNR-scaled-800x400.jpg\" height=\"400\" width=\"800\" alt=\"\" class=\"slider-2719 slide-3660\" title=\"IMG_20251128_182810412_MFNR\" \/><div class=\"caption-wrap\"><div class=\"caption\">II Jornada Interinstitucional de Reflexi\u00f3n y Socializaci\u00f3n de la Pr\u00e1ctica<\/div><\/div><\/li>\n            <li style='display: none;' aria-roledescription='slide' aria-labelledby='slide-15'><img src=\"https:\/\/ifdcferraro-lrj.infd.edu.ar\/sitio\/wp-content\/uploads\/2025\/12\/IMG_20251128_211707966_MFNR-scaled-800x400.jpg\" height=\"400\" width=\"800\" alt=\"\" class=\"slider-2719 slide-3661\" title=\"IMG_20251128_211707966_MFNR\" \/><div class=\"caption-wrap\"><div class=\"caption\">II Jornada Interinstitucional de Reflexi\u00f3n y Socializaci\u00f3n de la Pr\u00e1ctica<\/div><\/div><\/li>\n        <\/ul>\n        \n    <\/div>\n<\/div>\n<p>\u00a0<\/p>\n<p><?php echo do_shortcode('[metaslider id=\"3633\"]'); ?><\/p>\n","protected":false},"excerpt":{"rendered":"<p>\u00a0 \u00a0<\/p>\n","protected":false},"author":197,"featured_media":0,"parent":298,"menu_order":1,"comment_status":"closed","ping_status":"closed","template":"","meta":[],"acf":[],"_links":{"self":[{"href":"https:\/\/ifdcferraro-lrj.infd.edu.ar\/sitio\/wp-json\/wp\/v2\/pages\/286"}],"collection":[{"href":"https:\/\/ifdcferraro-lrj.infd.edu.ar\/sitio\/wp-json\/wp\/v2\/pages"}],"about":[{"href":"https:\/\/ifdcferraro-lrj.infd.edu.ar\/sitio\/wp-json\/wp\/v2\/types\/page"}],"author":[{"embeddable":true,"href":"https:\/\/ifdcferraro-lrj.infd.edu.ar\/sitio\/wp-json\/wp\/v2\/users\/197"}],"replies":[{"embeddable":true,"href":"https:\/\/ifdcferraro-lrj.infd.edu.ar\/sitio\/wp-json\/wp\/v2\/comments?post=286"}],"version-history":[{"count":416,"href":"https:\/\/ifdcferraro-lrj.infd.edu.ar\/sitio\/wp-json\/wp\/v2\/pages\/286\/revisions"}],"predecessor-version":[{"id":3640,"href":"https:\/\/ifdcferraro-lrj.infd.edu.ar\/sitio\/wp-json\/wp\/v2\/pages\/286\/revisions\/3640"}],"up":[{"embeddable":true,"href":"https:\/\/ifdcferraro-lrj.infd.edu.ar\/sitio\/wp-json\/wp\/v2\/pages\/298"}],"wp:attachment":[{"href":"https:\/\/ifdcferraro-lrj.infd.edu.ar\/sitio\/wp-json\/wp\/v2\/media?parent=286"}],"curies":[{"name":"wp","href":"https:\/\/api.w.org\/{rel}","templated":true}]}}