{"id":726,"date":"2018-07-03T12:47:20","date_gmt":"2018-07-03T15:47:20","guid":{"rendered":"https:\/\/ifdcferraro-lrj.infd.edu.ar\/sitio\/informacion-para-alumnos\/"},"modified":"2024-03-20T17:59:52","modified_gmt":"2024-03-20T20:59:52","slug":"estudiantes","status":"publish","type":"page","link":"https:\/\/ifdcferraro-lrj.infd.edu.ar\/sitio\/estudiantes\/","title":{"rendered":"Informaci\u00f3n para alumnos"},"content":{"rendered":"<p><strong><a href=\"https:\/\/ifdcferraro-lrj.infd.edu.ar\/sitio\/primer-ano\/\">ESQUEMAS DE PRIMER A\u00d1O<\/a><\/strong><\/p>\n<p><strong><a href=\"https:\/\/ifdcferraro-lrj.infd.edu.ar\/sitio\/segundo\/\">ESQUEMAS DE SEGUNDO A\u00d1O<\/a><\/strong><\/p>\n<p><strong><a href=\"https:\/\/ifdcferraro-lrj.infd.edu.ar\/sitio\/tercero\/\">ESQUEMAS DE TERCER A\u00d1O<\/a><\/strong><\/p>\n<p><strong><a href=\"https:\/\/ifdcferraro-lrj.infd.edu.ar\/sitio\/cuarto\/\">ESQUEMAS DE CUARTO A\u00d1O<\/a><\/strong><\/p>\n","protected":false},"excerpt":{"rendered":"<p>ESQUEMAS DE PRIMER A\u00d1O ESQUEMAS DE SEGUNDO A\u00d1O ESQUEMAS DE TERCER A\u00d1O ESQUEMAS DE CUARTO A\u00d1O<\/p>\n","protected":false},"author":82,"featured_media":0,"parent":0,"menu_order":0,"comment_status":"closed","ping_status":"closed","template":"","meta":[],"acf":[],"_links":{"self":[{"href":"https:\/\/ifdcferraro-lrj.infd.edu.ar\/sitio\/wp-json\/wp\/v2\/pages\/726"}],"collection":[{"href":"https:\/\/ifdcferraro-lrj.infd.edu.ar\/sitio\/wp-json\/wp\/v2\/pages"}],"about":[{"href":"https:\/\/ifdcferraro-lrj.infd.edu.ar\/sitio\/wp-json\/wp\/v2\/types\/page"}],"author":[{"embeddable":true,"href":"https:\/\/ifdcferraro-lrj.infd.edu.ar\/sitio\/wp-json\/wp\/v2\/users\/82"}],"replies":[{"embeddable":true,"href":"https:\/\/ifdcferraro-lrj.infd.edu.ar\/sitio\/wp-json\/wp\/v2\/comments?post=726"}],"version-history":[{"count":4,"href":"https:\/\/ifdcferraro-lrj.infd.edu.ar\/sitio\/wp-json\/wp\/v2\/pages\/726\/revisions"}],"predecessor-version":[{"id":2088,"href":"https:\/\/ifdcferraro-lrj.infd.edu.ar\/sitio\/wp-json\/wp\/v2\/pages\/726\/revisions\/2088"}],"wp:attachment":[{"href":"https:\/\/ifdcferraro-lrj.infd.edu.ar\/sitio\/wp-json\/wp\/v2\/media?parent=726"}],"curies":[{"name":"wp","href":"https:\/\/api.w.org\/{rel}","templated":true}]}}